digit of 127?
2
What is the hundreds digit of 107915?
9
What is the tens digit of 56051?
5
What is the units digit of 2049?
9
What is the tens digit of 10214?
1
What is the thousands digit of 4127?
4
What is the units digit of 36229?
9
What is the tens digit of 340?
4
What is the units digit of 14541?
1
What is the hundreds digit of 492?
4
What is the units digit of 933?
3
What is the hundreds digit of 5711?
7
What is the ten thousands digit of 98926?
9
What is the tens digit of 31073?
7
What is the tens digit of 263?
6
What is the units digit of 1911?
1
What is the units digit of 7481?
1
What is the units digit of 32469?
9
What is the hundreds digit of 36146?
1
What is the ten thousands digit of 23893?
2
What is the units digit of 81077?
7
What is the units digit of 7237?
7
What is the thousands digit of 4932?
4
What is the tens digit of 18071?
7
What is the units digit of 3068?
8
What is the hundreds digit of 1810?
8
What is the tens digit of 16240?
4
What is the thousands digit of 79749?
9
What is the hundreds digit of 109120?
1
What is the hundreds digit of 1352?
3
What is the units digit of 1346?
6
What is the tens digit of 7038?
3
What is the ten thousands digit of 77845?
7
What is the hundreds digit of 1822?
8
What is the tens digit of 1140?
4
What is the units digit of 14291?
1
What is the units digit of 6597?
7
What is the tens digit of 798?
9
What is the thousands digit of 2343?
2
What is the hundreds digit of 2227?
2
What is the hundreds digit of 235?
2
What is the hundreds digit of 4032?
0
What is the tens digit of 1955?
5
What is the tens digit of 1525?
2
What is the hundreds digit of 11446?
4
What is the hundreds digit of 13460?
4
What is the tens digit of 7999?
9
What is the thousands digit of 2024?
2
What is the thousands digit of 7145?
7
What is the tens digit of 213?
1
What is the tens digit of 140?
4
What is the units digit of 1834?
4
What is the thousands digit of 1307?
1
What is the hundreds digit of 1009?
0
What is the thousands digit of 87902?
7
What is the tens digit of 7600?
0
What is the units digit of 804?
4
What is the tens digit of 5475?
7
What is the ten thousands digit of 42720?
4
What is the ten thousands digit of 25646?
2
What is the tens digit of 5224?
2
What is the tens digit of 31403?
0
What is the thousands digit of 12053?
2
What is the hundreds digit of 6197?
1
What is the hundreds digit of 2840?
8
What is the thousands digit of 3069?
3
What is the hundreds digit of 1303?
3
What is the tens digit of 18017?
1
What is the units digit of 131774?
4
What is the thousands digit of 4458?
4
What is the hundreds digit of 1545?
5
What is the tens digit of 14539?
3
What is the tens digit of 726?
2
What is the hundreds digit of 1006?
0
What is the units digit of 8540?
0
What is the thousands digit of 7250?
7
What is the units digit of 1803?
3
What is the thousands digit of 5945?
5
What is the tens digit of 9110?
1
What is the tens digit of 13309?
0
What is the hundreds digit of 1794?
7
What is the thousands digit of 26013?
6
What is the hundreds digit of 702?
7
What is the hundreds digit of 16031?
0
What is the tens digit of 20697?
9
What is the units digit of 671?
1
What is the ten thousands digit of 98071?
9
What is the tens digit of 1835?
3
What is the tens digit of 160202?
0
What is the tens digit of 20?
2
What is the thousands digit of 2024?
2
What is the hundred thousands digit of 115694?
1
What is the ten thousands digit of 104172?
0
What is the units digit of 5482?
2
What is the units digit of 4691?
1
What is the ten thousands digit of 43963?
4
What is the tens digit of 22505?
0
What is the units digit of 3653?
3
What is the units digit of 648?
8
What is the hundreds digit of 5743?
7
What is the units digit of 52096?
6
What is the units digit of 5080?
0
What is the units digit of 8291?
1
What is the hundreds digit of 1677?
6
What is the thousands digit of 3211?
3
What is the thousands digit of 2198?
2
What is the hundreds digit of 17729?
7
What is the units digit of 21224?
4
What is the tens digit of 282?
8
What is the hundreds digit of 543?
5
What is the units digit of 1795?
5
What is the thousands digit of 5048?
5
What is the ten thousands digit of 11425?
1
What is the hundreds digit of 1386?
3
What is the tens digit of 609?
0
What is the units digit of 717?
7
What is the units digit of 116997?
7
What is the hundreds digit of 3287?
2
What is the tens digit of 3864?
6
What is the units digit of 126?
6
What is the tens digit of 79291?
9
What is the hundreds digit of 47389?
3
What is the tens digit of 431?
3
What is the tens digit of 44128?
2
What is the hundreds digit of 4067?
0
What is the units digit of 2086?
6
What is the units digit of 4244?
4
What is the thousands digit of 1944?
1
What is the ten thousands digit of 24570?
2
What is the units digit of 733?
3
What is the thousands digit of 27852?
7
What is the tens digit of 14188?
8
What is the hundreds digit of 3463?
4
What is the thousands digit of 7317?
7
What is the tens digit of 3960?
6
What is the ten thousands digit of 36758?
3
What is the tens digit of 41827?
2
What is the hundreds digit of 2399?
3
What is the units digit of 12658?
8
What is the hundreds digit of 27762?
7
What is the units digit of 520?
0
What is the tens digit of 401?
0
What is the tens digit of 126948?
4
What is the thousands digit of 5900?
5
What is the hundred thousands digit of 108952?
1
What is the units digit of 10828?
8
What is the units digit of 2153?
3
What is the hundreds digit of 38110?
1
What is the units digit of 22746?
6
What is the units digit of 70482?
2
What is the thousands digit of 1505?
1
What is the units digit of 2600?
0
What is the units digit of 1846?
6
What is the thousands digit of 14616?
4
What is the units digit of 901?
1
What is the ten thousands digit of 14912?
1
What is the ten thousands digit of 12633?
1
What is the tens digit of 8092?
9
What is the units digit of 1102?
2
What is the ten thousands digit of 27331?
2
What is the hundreds digit of 6390?
3
What is the units digit of 31761?
1
What is the units digit of 1080?
0
What is the tens digit of 34903?
0
What is the thousands digit of 7402?
7
What is the units digit of 14065?
5
What is the tens digit of 75222?
2
What is the units digit of 23948?
8
What is the tens digit of 795?
9
What is the hundreds digit of 6116?
1
What is the tens digit of 44150?
5
What is the hundreds digit of 3500?
5
What is the ten thousands digit of 11766?
1
What is the hundreds digit of 977?
9
What is the units digit of 13460?
0
What is the tens digit of 293?
9
What is the units digit of 10396?
6
What is the units digit of 4684?
4
What is the hundreds digit of 4273?
2
What is the hundreds digit of 1278?
2
What is the units digit of 8734?
4
What is the hundreds digit of 885?
8
What is the ten thousands digit of 32623?
3
What is the hundreds digit of 487?
4
What is the ten thousands digit of 13871?
1
What is the thousands digit of 1105?
1
What is the units digit of 16851?
1
What is the tens digit of 725?
2
What is the units digit of 1006?
6
What is the tens digit of 2626?
2
What is the hundreds digit of 96969?
9
What is the hundreds digit of 1112?
1
What is the ten thousands digit of 14477?
1
What is the units digit of 3647?
7
What is the hundreds digit of 942?
9
What is the tens digit of 5086?
8
What is the units digit of 16984?
4
What is the units digit of 1120?
0
What is the ten thousands digit of 48690?
4
What is the units digit of 28238?
8
What is the units digit of 37343?
3
What is the hundreds digit of 5683?
6
What is the thousands digit of 1665?
1
What is the hundreds digit of 1909?
9
What is the hundreds digit of 93084?
0
What is the thousands digit of 75398?
5
What is the hundreds digit of 97140?
1
What is the thousands digit of 32057?
2
What is the thousands digit of 3767?
3
What is the units digit of 39914?
4
What is the thousands digit of 9710?
9
What is the units digit of 158?
8
What is the thousands digit of 4186?
4
What is the units digit of 637?
7
What is the units digit of 3045?
5
What is the units digit of 60829?
9
What is the hundreds digit of 41102?
1
What is the tens digit of 1393?
9
What is the hundreds digit of 5423?
4
What is the units digit of 11077?
7
What is the tens digit of 8856?
5
What is t